{"version":"1.0","provider_name":"\u0160ilut\u0117s naujienos","provider_url":"https:\/\/www.silutesnaujienos.lt\/lt","author_name":"\u0160ilut\u0117s naujien\u0173 inf.","author_url":"https:\/\/www.silutesnaujienos.lt\/lt\/author\/vadas\/","title":"Jaunoji karta art\u0117jan\u010dias \u0161ventes \u0161lovins giesm\u0117mis - \u0160ilut\u0117s naujienos","type":"rich","width":600,"height":338,"html":"<blockquote class=\"wp-embedded-content\" data-secret=\"nFGhcn4KaF\"><a href=\"https:\/\/www.silutesnaujienos.lt\/lt\/jaunoji-karta-artejancias-sventes-slovins-giesmemis\/\">Jaunoji karta art\u0117jan\u010dias \u0161ventes \u0161lovins giesm\u0117mis<\/a><\/blockquote><iframe sandbox=\"allow-scripts\" security=\"restricted\" src=\"https:\/\/www.silutesnaujienos.lt\/lt\/jaunoji-karta-artejancias-sventes-slovins-giesmemis\/embed\/#?secret=nFGhcn4KaF\" width=\"600\" height=\"338\" title=\"&#8220;Jaunoji karta art\u0117jan\u010dias \u0161ventes \u0161lovins giesm\u0117mis&#8221; &#8212; \u0160ilut\u0117s naujienos\" data-secret=\"nFGhcn4KaF\" frameborder=\"0\" marginwidth=\"0\" marginheight=\"0\" scrolling=\"no\" class=\"wp-embedded-content\"><\/iframe><script>\n\/*! This file is auto-generated *\/\n!function(d,l){\"use strict\";l.querySelector&&d.addEventListener&&\"undefined\"!=typeof URL&&(d.wp=d.wp||{},d.wp.receiveEmbedMessage||(d.wp.receiveEmbedMessage=function(e){var t=e.data;if((t||t.secret||t.message||t.value)&&!\/[^a-zA-Z0-9]\/.test(t.secret)){for(var s,r,n,a=l.querySelectorAll('iframe[data-secret=\"'+t.secret+'\"]'),o=l.querySelectorAll('blockquote[data-secret=\"'+t.secret+'\"]'),c=new RegExp(\"^https?:$\",\"i\"),i=0;i<o.length;i++)o[i].style.display=\"none\";for(i=0;i<a.length;i++)s=a[i],e.source===s.contentWindow&&(s.removeAttribute(\"style\"),\"height\"===t.message?(1e3<(r=parseInt(t.value,10))?r=1e3:~~r<200&&(r=200),s.height=r):\"link\"===t.message&&(r=new URL(s.getAttribute(\"src\")),n=new URL(t.value),c.test(n.protocol))&&n.host===r.host&&l.activeElement===s&&(d.top.location.href=t.value))}},d.addEventListener(\"message\",d.wp.receiveEmbedMessage,!1),l.addEventListener(\"DOMContentLoaded\",function(){for(var e,t,s=l.querySelectorAll(\"iframe.wp-embedded-content\"),r=0;r<s.length;r++)(t=(e=s[r]).getAttribute(\"data-secret\"))||(t=Math.random().toString(36).substring(2,12),e.src+=\"#?secret=\"+t,e.setAttribute(\"data-secret\",t)),e.contentWindow.postMessage({message:\"ready\",secret:t},\"*\")},!1)))}(window,document);\n\/\/# sourceURL=https:\/\/www.silutesnaujienos.lt\/lt\/wp-includes\/js\/wp-embed.min.js\n<\/script>\n","description":"\u0160e\u0161t\u0105j\u012f kart\u0105 Gardamo pagrindin\u0117s mokyklos mokytoja Lina Liak\u0161ien\u0117 sukvie\u010dia vaikus ir jaunim\u0105 \u012f did\u017eiul\u012f muzikos rengin\u012f &#8211; art\u0117jan\u010dioms Kal\u0117doms skirt\u0105 \u0161vent\u0119 \u201eTeskamba giesm\u0117s\u201c. \u0160iemet v\u0117l \u0160ilut\u0117s Naujojoje apa\u0161tal\u0173 ba\u017eny\u010dioje gruod\u017eio 7-\u0105j\u0105, penktadien\u012f, vis\u0105 dien\u0105 skamb\u0117s dar\u017eelinuk\u0173, pradinuk\u0173, vyresni\u0173 klasi\u0173 mokini\u0173 ir gimnazist\u0173 giesm\u0117s. Pasak renginio koordinator\u0117s L.Liak\u0161ien\u0117s, kasmet \u0161vent\u0117je dalyvauja apie 40 kolektyv\u0173 i\u0161 \u0160ilut\u0117s [&hellip;]","thumbnail_url":"\/\/silutesnaujienos.lt\/images\/stories\/2012\/11\/29\/thumbnails\/thumb_giesmiu_svente.jpg"}

Šilutės naujienos

Šilutės naujienų inf.

Jaunoji karta artėjančias šventes šlovins giesmėmis - Šilutės naujienos

<blockquote class="wp-embedded-content" data-secret="nFGhcn4KaF"><a href="https://www.silutesnaujienos.lt/lt/jaunoji-karta-artejancias-sventes-slovins-giesmemis/">Jaunoji karta artėjančias šventes šlovins giesmėmis</a></blockquote><iframe sandbox="allow-scripts" security="restricted" src="https://www.silutesnaujienos.lt/lt/jaunoji-karta-artejancias-sventes-slovins-giesmemis/embed/#?secret=nFGhcn4KaF" width="600" height="338" title="&#8220;Jaunoji karta artėjančias šventes šlovins giesmėmis&#8221; &#8212; Šilutės naujienos" data-secret="nFGhcn4KaF" frameborder="0" marginwidth="0" marginheight="0" scrolling="no" class="wp-embedded-content"></iframe><script>
/*! This file is auto-generated */
!function(d,l){"use strict";l.querySelector&&d.addEventListener&&"undefined"!=typeof URL&&(d.wp=d.wp||{},d.wp.receiveEmbedMessage||(d.wp.receiveEmbedMessage=function(e){var t=e.data;if((t||t.secret||t.message||t.value)&&!/[^a-zA-Z0-9]/.test(t.secret)){for(var s,r,n,a=l.querySelectorAll('iframe[data-secret="'+t.secret+'"]'),o=l.querySelectorAll('blockquote[data-secret="'+t.secret+'"]'),c=new RegExp("^https?:$","i"),i=0;i<o.length;i++)o[i].style.display="none";for(i=0;i<a.length;i++)s=a[i],e.source===s.contentWindow&&(s.removeAttribute("style"),"height"===t.message?(1e3<(r=parseInt(t.value,10))?r=1e3:~~r<200&&(r=200),s.height=r):"link"===t.message&&(r=new URL(s.getAttribute("src")),n=new URL(t.value),c.test(n.protocol))&&n.host===r.host&&l.activeElement===s&&(d.top.location.href=t.value))}},d.addEventListener("message",d.wp.receiveEmbedMessage,!1),l.addEventListener("DOMContentLoaded",function(){for(var e,t,s=l.querySelectorAll("iframe.wp-embedded-content"),r=0;r<s.length;r++)(t=(e=s[r]).getAttribute("data-secret"))||(t=Math.random().toString(36).substring(2,12),e.src+="#?secret="+t,e.setAttribute("data-secret",t)),e.contentWindow.postMessage({message:"ready",secret:t},"*")},!1)))}(window,document);
//# sourceURL=https://www.silutesnaujienos.lt/lt/wp-includes/js/wp-embed.min.js
</script>

Šeštąjį kartą Gardamo pagrindinės mokyklos mokytoja Lina Liakšienė sukviečia vaikus ir jaunimą į didžiulį muzikos renginį &#8211; artėjančioms Kalėdoms skirtą šventę „Teskamba giesmės“. Šiemet vėl Šilutės Naujojoje apaštalų bažnyčioje gruodžio 7-ąją, penktadienį, visą dieną skambės darželinukų, pradinukų, vyresnių klasių mokinių ir gimnazistų giesmės. Pasak renginio koordinatorės L.Liakšienės, kasmet šventėje dalyvauja apie 40 kolektyvų iš Šilutės [&hellip;]
