{"version":"1.0","provider_name":"\u0160ilut\u0117s naujienos","provider_url":"https:\/\/www.silutesnaujienos.lt\/lt","author_name":"\u0160ilut\u0117s naujien\u0173 inf.","author_url":"https:\/\/www.silutesnaujienos.lt\/lt\/author\/ruta\/","title":"Nepraleiskite progos: \u0160ilut\u0119 sudrebins 5 orkestr\u0173 fiesta! - \u0160ilut\u0117s naujienos","type":"rich","width":600,"height":338,"html":"<blockquote class=\"wp-embedded-content\" data-secret=\"NOUJgm4I2Y\"><a href=\"https:\/\/www.silutesnaujienos.lt\/lt\/nepraleiskite-progos-silute-sudrebins-5-orkestru-fiesta\/\">Nepraleiskite progos: \u0160ilut\u0119 sudrebins 5 orkestr\u0173 fiesta!<\/a><\/blockquote><iframe sandbox=\"allow-scripts\" security=\"restricted\" src=\"https:\/\/www.silutesnaujienos.lt\/lt\/nepraleiskite-progos-silute-sudrebins-5-orkestru-fiesta\/embed\/#?secret=NOUJgm4I2Y\" width=\"600\" height=\"338\" title=\"&#8220;Nepraleiskite progos: \u0160ilut\u0119 sudrebins 5 orkestr\u0173 fiesta!&#8221; &#8212; \u0160ilut\u0117s naujienos\" data-secret=\"NOUJgm4I2Y\" frameborder=\"0\" marginwidth=\"0\" marginheight=\"0\" scrolling=\"no\" class=\"wp-embedded-content\"><\/iframe><script>\n\/*! This file is auto-generated *\/\n!function(d,l){\"use strict\";l.querySelector&&d.addEventListener&&\"undefined\"!=typeof URL&&(d.wp=d.wp||{},d.wp.receiveEmbedMessage||(d.wp.receiveEmbedMessage=function(e){var t=e.data;if((t||t.secret||t.message||t.value)&&!\/[^a-zA-Z0-9]\/.test(t.secret)){for(var s,r,n,a=l.querySelectorAll('iframe[data-secret=\"'+t.secret+'\"]'),o=l.querySelectorAll('blockquote[data-secret=\"'+t.secret+'\"]'),c=new RegExp(\"^https?:$\",\"i\"),i=0;i<o.length;i++)o[i].style.display=\"none\";for(i=0;i<a.length;i++)s=a[i],e.source===s.contentWindow&&(s.removeAttribute(\"style\"),\"height\"===t.message?(1e3<(r=parseInt(t.value,10))?r=1e3:~~r<200&&(r=200),s.height=r):\"link\"===t.message&&(r=new URL(s.getAttribute(\"src\")),n=new URL(t.value),c.test(n.protocol))&&n.host===r.host&&l.activeElement===s&&(d.top.location.href=t.value))}},d.addEventListener(\"message\",d.wp.receiveEmbedMessage,!1),l.addEventListener(\"DOMContentLoaded\",function(){for(var e,t,s=l.querySelectorAll(\"iframe.wp-embedded-content\"),r=0;r<s.length;r++)(t=(e=s[r]).getAttribute(\"data-secret\"))||(t=Math.random().toString(36).substring(2,12),e.src+=\"#?secret=\"+t,e.setAttribute(\"data-secret\",t)),e.contentWindow.postMessage({message:\"ready\",secret:t},\"*\")},!1)))}(window,document);\n\/\/# sourceURL=https:\/\/www.silutesnaujienos.lt\/lt\/wp-includes\/js\/wp-embed.min.js\n<\/script>\n","description":"Klaip\u0117dos kra\u0161to prijungimui pamin\u0117ti &#8211; rengini\u0173 j\u016bra Kit\u0105 savait\u0119, sausio 15-18 dienomis, \u0160ilut\u0117 ir visa Lietuva min\u0117s lemtingus 1923 m. sausio 15-osios \u012fvykius, kuomet pranc\u016bz\u0173 valdomas Klaip\u0117dos kra\u0161tas buvo prijungtas prie Did\u017eiosios Lietuvos. Vienas \u012fsp\u016bdingiausi\u0173 rengini\u0173 \u0161iluti\u0161ki\u0173 laukia jau antradien\u012f: \u0160ilut\u0117s kult\u016bros ir pramog\u0173 centre 17.30 val. vyksiantis jubiliejinis koncertas \u201eViena gimin\u0117, viena kalba, viena [&hellip;]","thumbnail_url":"\/\/silutesnaujienos.lt\/images\/stories\/2013\/01\/11\/thumbnails\/thumb_sausio_15_copy.jpg"}

Šilutės naujienos

Šilutės naujienų inf.

Nepraleiskite progos: Šilutę sudrebins 5 orkestrų fiesta! - Šilutės naujienos

<blockquote class="wp-embedded-content" data-secret="NOUJgm4I2Y"><a href="https://www.silutesnaujienos.lt/lt/nepraleiskite-progos-silute-sudrebins-5-orkestru-fiesta/">Nepraleiskite progos: Šilutę sudrebins 5 orkestrų fiesta!</a></blockquote><iframe sandbox="allow-scripts" security="restricted" src="https://www.silutesnaujienos.lt/lt/nepraleiskite-progos-silute-sudrebins-5-orkestru-fiesta/embed/#?secret=NOUJgm4I2Y" width="600" height="338" title="&#8220;Nepraleiskite progos: Šilutę sudrebins 5 orkestrų fiesta!&#8221; &#8212; Šilutės naujienos" data-secret="NOUJgm4I2Y" frameborder="0" marginwidth="0" marginheight="0" scrolling="no" class="wp-embedded-content"></iframe><script>
/*! This file is auto-generated */
!function(d,l){"use strict";l.querySelector&&d.addEventListener&&"undefined"!=typeof URL&&(d.wp=d.wp||{},d.wp.receiveEmbedMessage||(d.wp.receiveEmbedMessage=function(e){var t=e.data;if((t||t.secret||t.message||t.value)&&!/[^a-zA-Z0-9]/.test(t.secret)){for(var s,r,n,a=l.querySelectorAll('iframe[data-secret="'+t.secret+'"]'),o=l.querySelectorAll('blockquote[data-secret="'+t.secret+'"]'),c=new RegExp("^https?:$","i"),i=0;i<o.length;i++)o[i].style.display="none";for(i=0;i<a.length;i++)s=a[i],e.source===s.contentWindow&&(s.removeAttribute("style"),"height"===t.message?(1e3<(r=parseInt(t.value,10))?r=1e3:~~r<200&&(r=200),s.height=r):"link"===t.message&&(r=new URL(s.getAttribute("src")),n=new URL(t.value),c.test(n.protocol))&&n.host===r.host&&l.activeElement===s&&(d.top.location.href=t.value))}},d.addEventListener("message",d.wp.receiveEmbedMessage,!1),l.addEventListener("DOMContentLoaded",function(){for(var e,t,s=l.querySelectorAll("iframe.wp-embedded-content"),r=0;r<s.length;r++)(t=(e=s[r]).getAttribute("data-secret"))||(t=Math.random().toString(36).substring(2,12),e.src+="#?secret="+t,e.setAttribute("data-secret",t)),e.contentWindow.postMessage({message:"ready",secret:t},"*")},!1)))}(window,document);
//# sourceURL=https://www.silutesnaujienos.lt/lt/wp-includes/js/wp-embed.min.js
</script>

Klaipėdos krašto prijungimui paminėti &#8211; renginių jūra Kitą savaitę, sausio 15-18 dienomis, Šilutė ir visa Lietuva minės lemtingus 1923 m. sausio 15-osios įvykius, kuomet prancūzų valdomas Klaipėdos kraštas buvo prijungtas prie Didžiosios Lietuvos. Vienas įspūdingiausių renginių šilutiškių laukia jau antradienį: Šilutės kultūros ir pramogų centre 17.30 val. vyksiantis jubiliejinis koncertas „Viena giminė, viena kalba, viena [&hellip;]
