{"version":"1.0","provider_name":"\u0160ilut\u0117s naujienos","provider_url":"https:\/\/www.silutesnaujienos.lt\/lt","author_name":"\u0160ilut\u0117s naujien\u0173 inf.","author_url":"https:\/\/www.silutesnaujienos.lt\/lt\/author\/ruta\/","title":"Seimo vicepirmininkui K.Komskiui - \u0161\u016bsnis pra\u0161ym\u0173 - \u0160ilut\u0117s naujienos","type":"rich","width":600,"height":338,"html":"<blockquote class=\"wp-embedded-content\" data-secret=\"Ppq4zZFRd6\"><a href=\"https:\/\/www.silutesnaujienos.lt\/lt\/seimo-vicepirmininkui-k-komskiui-susnis-prasymu\/\">Seimo vicepirmininkui K.Komskiui &#8211; \u0161\u016bsnis pra\u0161ym\u0173<\/a><\/blockquote><iframe sandbox=\"allow-scripts\" security=\"restricted\" src=\"https:\/\/www.silutesnaujienos.lt\/lt\/seimo-vicepirmininkui-k-komskiui-susnis-prasymu\/embed\/#?secret=Ppq4zZFRd6\" width=\"600\" height=\"338\" title=\"&#8220;Seimo vicepirmininkui K.Komskiui &#8211; \u0161\u016bsnis pra\u0161ym\u0173&#8221; &#8212; \u0160ilut\u0117s naujienos\" data-secret=\"Ppq4zZFRd6\" frameborder=\"0\" marginwidth=\"0\" marginheight=\"0\" scrolling=\"no\" class=\"wp-embedded-content\"><\/iframe><script>\n\/*! This file is auto-generated *\/\n!function(d,l){\"use strict\";l.querySelector&&d.addEventListener&&\"undefined\"!=typeof URL&&(d.wp=d.wp||{},d.wp.receiveEmbedMessage||(d.wp.receiveEmbedMessage=function(e){var t=e.data;if((t||t.secret||t.message||t.value)&&!\/[^a-zA-Z0-9]\/.test(t.secret)){for(var s,r,n,a=l.querySelectorAll('iframe[data-secret=\"'+t.secret+'\"]'),o=l.querySelectorAll('blockquote[data-secret=\"'+t.secret+'\"]'),c=new RegExp(\"^https?:$\",\"i\"),i=0;i<o.length;i++)o[i].style.display=\"none\";for(i=0;i<a.length;i++)s=a[i],e.source===s.contentWindow&&(s.removeAttribute(\"style\"),\"height\"===t.message?(1e3<(r=parseInt(t.value,10))?r=1e3:~~r<200&&(r=200),s.height=r):\"link\"===t.message&&(r=new URL(s.getAttribute(\"src\")),n=new URL(t.value),c.test(n.protocol))&&n.host===r.host&&l.activeElement===s&&(d.top.location.href=t.value))}},d.addEventListener(\"message\",d.wp.receiveEmbedMessage,!1),l.addEventListener(\"DOMContentLoaded\",function(){for(var e,t,s=l.querySelectorAll(\"iframe.wp-embedded-content\"),r=0;r<s.length;r++)(t=(e=s[r]).getAttribute(\"data-secret\"))||(t=Math.random().toString(36).substring(2,12),e.src+=\"#?secret=\"+t,e.setAttribute(\"data-secret\",t)),e.contentWindow.postMessage({message:\"ready\",secret:t},\"*\")},!1)))}(window,document);\n\/\/# sourceURL=https:\/\/www.silutesnaujienos.lt\/lt\/wp-includes\/js\/wp-embed.min.js\n<\/script>\n","description":"Pirm\u0105 kart\u0105 kaip Seimo pirmininko pavaduotojas \u012f \u0160ilut\u0119 atvyk\u0119s K\u0119stas Komskis i\u0161 m\u016bs\u0173 miesto i\u0161sive\u017e\u0117 nema\u017e\u0105 pluo\u0161t\u0105 skund\u0173. Vald\u017eios kei\u010diasi, ta\u010diau \u017emoni\u0173 problemos i\u0161lieka bema\u017e nepakitusios: v\u0117jo j\u0117gaini\u0173 parkai sudark\u0117 ram\u0173 gyvenim\u0105, \u017eem\u0117tvarkininkai abejotinai tvarko \u017eem\u0117s sklypus, Savivaldyb\u0117s \u0161ilumos \u012fmon\u0117 reketuoja \u017emones u\u017e nesuteikt\u0105 paslaug\u0105. Tuo K.Komskiui skund\u0117si rajono gyventojai. V\u0117jo j\u0117gain\u0117s trukdo gyventi \u016akininkas [&hellip;]","thumbnail_url":"\/\/silutesnaujienos.lt\/images\/stories\/2012\/12\/18\/thumbnails\/thumb_KOMSKIO_1.jpg"}

Šilutės naujienos

Šilutės naujienų inf.

Seimo vicepirmininkui K.Komskiui - šūsnis prašymų - Šilutės naujienos

<blockquote class="wp-embedded-content" data-secret="Ppq4zZFRd6"><a href="https://www.silutesnaujienos.lt/lt/seimo-vicepirmininkui-k-komskiui-susnis-prasymu/">Seimo vicepirmininkui K.Komskiui &#8211; šūsnis prašymų</a></blockquote><iframe sandbox="allow-scripts" security="restricted" src="https://www.silutesnaujienos.lt/lt/seimo-vicepirmininkui-k-komskiui-susnis-prasymu/embed/#?secret=Ppq4zZFRd6" width="600" height="338" title="&#8220;Seimo vicepirmininkui K.Komskiui &#8211; šūsnis prašymų&#8221; &#8212; Šilutės naujienos" data-secret="Ppq4zZFRd6" frameborder="0" marginwidth="0" marginheight="0" scrolling="no" class="wp-embedded-content"></iframe><script>
/*! This file is auto-generated */
!function(d,l){"use strict";l.querySelector&&d.addEventListener&&"undefined"!=typeof URL&&(d.wp=d.wp||{},d.wp.receiveEmbedMessage||(d.wp.receiveEmbedMessage=function(e){var t=e.data;if((t||t.secret||t.message||t.value)&&!/[^a-zA-Z0-9]/.test(t.secret)){for(var s,r,n,a=l.querySelectorAll('iframe[data-secret="'+t.secret+'"]'),o=l.querySelectorAll('blockquote[data-secret="'+t.secret+'"]'),c=new RegExp("^https?:$","i"),i=0;i<o.length;i++)o[i].style.display="none";for(i=0;i<a.length;i++)s=a[i],e.source===s.contentWindow&&(s.removeAttribute("style"),"height"===t.message?(1e3<(r=parseInt(t.value,10))?r=1e3:~~r<200&&(r=200),s.height=r):"link"===t.message&&(r=new URL(s.getAttribute("src")),n=new URL(t.value),c.test(n.protocol))&&n.host===r.host&&l.activeElement===s&&(d.top.location.href=t.value))}},d.addEventListener("message",d.wp.receiveEmbedMessage,!1),l.addEventListener("DOMContentLoaded",function(){for(var e,t,s=l.querySelectorAll("iframe.wp-embedded-content"),r=0;r<s.length;r++)(t=(e=s[r]).getAttribute("data-secret"))||(t=Math.random().toString(36).substring(2,12),e.src+="#?secret="+t,e.setAttribute("data-secret",t)),e.contentWindow.postMessage({message:"ready",secret:t},"*")},!1)))}(window,document);
//# sourceURL=https://www.silutesnaujienos.lt/lt/wp-includes/js/wp-embed.min.js
</script>

Pirmą kartą kaip Seimo pirmininko pavaduotojas į Šilutę atvykęs Kęstas Komskis iš mūsų miesto išsivežė nemažą pluoštą skundų. Valdžios keičiasi, tačiau žmonių problemos išlieka bemaž nepakitusios: vėjo jėgainių parkai sudarkė ramų gyvenimą, žemėtvarkininkai abejotinai tvarko žemės sklypus, Savivaldybės šilumos įmonė reketuoja žmones už nesuteiktą paslaugą. Tuo K.Komskiui skundėsi rajono gyventojai. Vėjo jėgainės trukdo gyventi Ūkininkas [&hellip;]
