{"version":"1.0","provider_name":"\u0160ilut\u0117s naujienos","provider_url":"https:\/\/www.silutesnaujienos.lt\/lt","author_name":"\u0160ilut\u0117s naujien\u0173 inf.","author_url":"https:\/\/www.silutesnaujienos.lt\/lt\/author\/vadas\/","title":"U\u017e Lietuvos \u017eem\u0117s \u016bkio ateit\u012f Briuselyje kovos kinti\u0161k\u0117 - \u0160ilut\u0117s naujienos","type":"rich","width":600,"height":338,"html":"<blockquote class=\"wp-embedded-content\" data-secret=\"w8MhpuVuF9\"><a href=\"https:\/\/www.silutesnaujienos.lt\/lt\/uz-lietuvos-zemes-ukio-ateiti-briuselyje-kovos-kintiske\/\">U\u017e Lietuvos \u017eem\u0117s \u016bkio ateit\u012f Briuselyje kovos kinti\u0161k\u0117<\/a><\/blockquote><iframe sandbox=\"allow-scripts\" security=\"restricted\" src=\"https:\/\/www.silutesnaujienos.lt\/lt\/uz-lietuvos-zemes-ukio-ateiti-briuselyje-kovos-kintiske\/embed\/#?secret=w8MhpuVuF9\" width=\"600\" height=\"338\" title=\"&#8220;U\u017e Lietuvos \u017eem\u0117s \u016bkio ateit\u012f Briuselyje kovos kinti\u0161k\u0117&#8221; &#8212; \u0160ilut\u0117s naujienos\" data-secret=\"w8MhpuVuF9\" frameborder=\"0\" marginwidth=\"0\" marginheight=\"0\" scrolling=\"no\" class=\"wp-embedded-content\"><\/iframe><script>\n\/*! This file is auto-generated *\/\n!function(d,l){\"use strict\";l.querySelector&&d.addEventListener&&\"undefined\"!=typeof URL&&(d.wp=d.wp||{},d.wp.receiveEmbedMessage||(d.wp.receiveEmbedMessage=function(e){var t=e.data;if((t||t.secret||t.message||t.value)&&!\/[^a-zA-Z0-9]\/.test(t.secret)){for(var s,r,n,a=l.querySelectorAll('iframe[data-secret=\"'+t.secret+'\"]'),o=l.querySelectorAll('blockquote[data-secret=\"'+t.secret+'\"]'),c=new RegExp(\"^https?:$\",\"i\"),i=0;i<o.length;i++)o[i].style.display=\"none\";for(i=0;i<a.length;i++)s=a[i],e.source===s.contentWindow&&(s.removeAttribute(\"style\"),\"height\"===t.message?(1e3<(r=parseInt(t.value,10))?r=1e3:~~r<200&&(r=200),s.height=r):\"link\"===t.message&&(r=new URL(s.getAttribute(\"src\")),n=new URL(t.value),c.test(n.protocol))&&n.host===r.host&&l.activeElement===s&&(d.top.location.href=t.value))}},d.addEventListener(\"message\",d.wp.receiveEmbedMessage,!1),l.addEventListener(\"DOMContentLoaded\",function(){for(var e,t,s=l.querySelectorAll(\"iframe.wp-embedded-content\"),r=0;r<s.length;r++)(t=(e=s[r]).getAttribute(\"data-secret\"))||(t=Math.random().toString(36).substring(2,12),e.src+=\"#?secret=\"+t,e.setAttribute(\"data-secret\",t)),e.contentWindow.postMessage({message:\"ready\",secret:t},\"*\")},!1)))}(window,document);\n\/\/# sourceURL=https:\/\/www.silutesnaujienos.lt\/lt\/wp-includes\/js\/wp-embed.min.js\n<\/script>\n","description":"\u0160ilut\u0117s rajono \u016bkininkai v\u0117l jungiasi prie trij\u0173 Baltijos valstybi\u0173 \u017eemdirbi\u0173 protesto akcijos d\u0117l kelis kartus menkesni\u0173 i\u0161mok\u0173, nei atitenka kitoms ES \u0161alims &#8211; senbuv\u0117ms. Ruden\u012f visos \u0161alies \u016bkininkai surinko apie 12 t\u016bkstan\u010di\u0173 para\u0161\u0173, reikalaudami baigti diskriminacij\u0105 tiesiogin\u0117mis i\u0161mokomis, o lapkri\u010dio m\u0117nes\u012f \u012f Baltijos \u0161ali\u0173 \u016bkinink\u0173 piket\u0105 Briuselyje vyko ir m\u016bs\u0173 rajono Gurg\u017ed\u017ei\u0173 kaimo \u016bkininkas Petras [&hellip;]","thumbnail_url":"\/\/silutesnaujienos.lt\/images\/stories\/2013\/02\/05\/thumbnails\/thumb_traktorius_i_briuseli_4.jpg"}

Šilutės naujienos

Šilutės naujienų inf.

Už Lietuvos žemės ūkio ateitį Briuselyje kovos kintiškė - Šilutės naujienos

<blockquote class="wp-embedded-content" data-secret="w8MhpuVuF9"><a href="https://www.silutesnaujienos.lt/lt/uz-lietuvos-zemes-ukio-ateiti-briuselyje-kovos-kintiske/">Už Lietuvos žemės ūkio ateitį Briuselyje kovos kintiškė</a></blockquote><iframe sandbox="allow-scripts" security="restricted" src="https://www.silutesnaujienos.lt/lt/uz-lietuvos-zemes-ukio-ateiti-briuselyje-kovos-kintiske/embed/#?secret=w8MhpuVuF9" width="600" height="338" title="&#8220;Už Lietuvos žemės ūkio ateitį Briuselyje kovos kintiškė&#8221; &#8212; Šilutės naujienos" data-secret="w8MhpuVuF9" frameborder="0" marginwidth="0" marginheight="0" scrolling="no" class="wp-embedded-content"></iframe><script>
/*! This file is auto-generated */
!function(d,l){"use strict";l.querySelector&&d.addEventListener&&"undefined"!=typeof URL&&(d.wp=d.wp||{},d.wp.receiveEmbedMessage||(d.wp.receiveEmbedMessage=function(e){var t=e.data;if((t||t.secret||t.message||t.value)&&!/[^a-zA-Z0-9]/.test(t.secret)){for(var s,r,n,a=l.querySelectorAll('iframe[data-secret="'+t.secret+'"]'),o=l.querySelectorAll('blockquote[data-secret="'+t.secret+'"]'),c=new RegExp("^https?:$","i"),i=0;i<o.length;i++)o[i].style.display="none";for(i=0;i<a.length;i++)s=a[i],e.source===s.contentWindow&&(s.removeAttribute("style"),"height"===t.message?(1e3<(r=parseInt(t.value,10))?r=1e3:~~r<200&&(r=200),s.height=r):"link"===t.message&&(r=new URL(s.getAttribute("src")),n=new URL(t.value),c.test(n.protocol))&&n.host===r.host&&l.activeElement===s&&(d.top.location.href=t.value))}},d.addEventListener("message",d.wp.receiveEmbedMessage,!1),l.addEventListener("DOMContentLoaded",function(){for(var e,t,s=l.querySelectorAll("iframe.wp-embedded-content"),r=0;r<s.length;r++)(t=(e=s[r]).getAttribute("data-secret"))||(t=Math.random().toString(36).substring(2,12),e.src+="#?secret="+t,e.setAttribute("data-secret",t)),e.contentWindow.postMessage({message:"ready",secret:t},"*")},!1)))}(window,document);
//# sourceURL=https://www.silutesnaujienos.lt/lt/wp-includes/js/wp-embed.min.js
</script>

Šilutės rajono ūkininkai vėl jungiasi prie trijų Baltijos valstybių žemdirbių protesto akcijos dėl kelis kartus menkesnių išmokų, nei atitenka kitoms ES šalims &#8211; senbuvėms. Rudenį visos šalies ūkininkai surinko apie 12 tūkstančių parašų, reikalaudami baigti diskriminaciją tiesioginėmis išmokomis, o lapkričio mėnesį į Baltijos šalių ūkininkų piketą Briuselyje vyko ir mūsų rajono Gurgždžių kaimo ūkininkas Petras [&hellip;]
